e (111/2)/(3/6). Suppose -5*h - 456 = -y. Let w = 125 + h. What is the highest common divisor of w and 14?
14
Let p = -3 + 21. Suppose 0 = k, 5*a - k - 2*k - 25 = 0. Suppose f - 2 = -2*v, 5*v - a*f + f - p = 0. Calculate the greatest common factor of 6 and v.
2
Let f = 126 - 26. What is the highest common divisor of f and 40?
20
Let c(w) = -w**3 - 6*w**2 - w - 2. Let x be c(-6). Calculate the highest common factor of 10 and x.
2
Suppose -3*p - 8 + 20 = 0. Let a(k) = 5*k**2 + 5*k + 2. Let n be a(-3). What is the greatest common divisor of p and n?
4
Let a(z) = -z + 5*z - 2*z + 3*z. Let i be a(9). Calculate the highest common divisor of 18 and i.
9
Let q be -2*(0 + 0 - 24). Suppose 5*k + 438 = 3*u, u + u = 3*k + 262. Let v = k + 162. Calculate the greatest common divisor of q and v.
24
Let s(q) = 8*q - 4. Let t(l) = l. Let n(d) = s(d) - 5*t(d). Let i be n(3). Let z be -3 + 2 - 4/(-2). Calculate the greatest common divisor of i and z.
1
Let n = -54 - -126. What is the greatest common factor of n and 8?
8
Suppose 0 = -2*w - 5*h + 193, 0 = 4*w - w + h - 296. Calculate the greatest common divisor of 11 and w.
11
Suppose 0 = -x + 5*o + 46, 0 = x + 2*o + 2*o - 10. What is the highest common factor of x and 39?
13
Let d(k) = k**3 + 56. Let c be d(0). Let n = c - 36. Let w = 8 - 4. Calculate the highest common divisor of w and n.
4
Let x be (-79)/(-7) + (-6)/21. Let k(y) = 0 + 30*y + 2 - 1. Let w be k(4). Calculate the greatest common divisor of x and w.
11
Suppose u = -2*u. Suppose 0*y - y + 6 = u. Suppose 5*m + s - 148 = 2*m, 0 = -4*s + 16. What is the greatest common factor of y and m?
6
Let n = -3 + 37. Calculate the greatest common divisor of 85 and n.
17
Let y(d) = d**3 + 7*d**2 + 5*d - 5. Let l be y(-5). Let w = l + -14. Calculate the greatest common divisor of w and 4.
2
Suppose -t - t + 123 = 3*d, d - 41 = -4*t. Suppose -d = -2*w + 31. What is the greatest common divisor of 54 and w?
18
Let a(t) = t**2 - 5*t + 2. Let z be a(5). Let c be z/2 + -1 - 0. Suppose c = h + 4*h - 240. Calculate the greatest common factor of h and 16.
16
Suppose 13*b - 128 = 5*b. Calculate the greatest common divisor of 4 and b.
4
Let o(k) = -13*k + 1. Let i be o(-3). Suppose -5*v - 5*z + i = 0, 0*z + 16 = 4*v - 4*z. Calculate the greatest common divisor of v and 15.
3
Let s(a) = 3*a - 22. Suppose k - 29 = -5*v, -2*k - 3*v - 5 = -35. Let m be s(k). Calculate the highest common divisor of m and 15.
5
Let b be 13/5 - 2/(-5). Suppose -b*q = -2*c - 343, -5*q + 343 = -2*c - 234. Suppose 2*o + q = 5*o. Calculate the highest common divisor of 26 and o.
13
Let m(y) = y**3 - 6*y**2 + 4*y - 8. Suppose 0 = 2*d - d + 3. Let i(k) = k**2 - 3. Let c be i(d). Let p be m(c). Calculate the highest common factor of p and 80.
16
Let d be 36/(-8)*8/(-12). Suppose 1 = 2*t - d. Suppose -4*f = 3*q - 30 - 2, 0 = -4*f - 4*q + 36. What is the greatest common factor of t and f?
1
Suppose -5*w + 298 = 73. Calculate the highest common factor of 5 and w.
5
Let h = 5 - -49. Let s = h + -36. Calculate the highest common divisor of 72 and s.
18
Suppose 4*w - 2*w + 6 = 0. Let o be (-151)/w - (-8)/12. Calculate the greatest common factor of o and 34.
17
Let y be (-3)/(2 + 28/(-12)). Calculate the highest common factor of 63 and y.
9
Suppose 7*j = 4*j + 63. Let p be 2/13 + 180/13. Calculate the greatest common divisor of j and p.
7
Let y(w) = w**3 + 10*w**2 + 7. Let t be y(-9). What is the greatest common divisor of t and 8?
8
Suppose 3 = -v + 5*w, 0 = v + 3*v + w - 9. Let p = -10 - -15. Suppose 0 = -p*k - i + 48, -46 = -4*k + 4*i + 2. What is the highest common divisor of v and k?
2
Let z(r) = -2*r**3 - 4*r**2 + 14*r + 3. Let x be z(-6). Calculate the highest common factor of 9 and x.
9
Let z = -27 - -41. What is the highest common divisor of z and 14?
14
Let d be (-2)/7 - 432/(-42). Calculate the highest common divisor of d and 80.
10
Let r be -2*(-1 - (1 + 8)). Let u(q) = -q**3 + q. Let p be u(-1). Let f be 30/((-1 - p) + 2). Calculate the highest common divisor of r and f.
10
Suppose 0 = 4*q, 4*q + 9 = 2*a - 3. What is the highest common divisor of a and 102?
6
Let h = -6 + 10. Suppose -2*o - 5*t + 4 = 0, 4*t + 7 = h*o - 1. Suppose o*m = -2 + 8. What is the highest common factor of m and 2?
1
Let i = -5 + 5. Suppose 0 = -i*p - 3*p - 9, 249 = 4*u + 5*p. Let x(r) = -2*r - 2. Let m be x(-4). What is the highest common divisor of m and u?
6
Suppose -13 = -9*o + 5. Suppose 3*a + 5*u = u + 1, 4*a - 16 = 2*u. Suppose -3*w = a*f - f - 45, 0 = -2*w + 6. What is the highest common divisor of o and f?
2
Suppose r - 9 = -4*a + 14, 0 = -2*a + 4*r + 16. Suppose u - 5 = a*u, -29 = -5*f + 4*u. Suppose -703 = -f*v - 208. What is the highest common factor of v and 11?
11
Let r = 0 + 36. Calculate the greatest common factor of r and 90.
18
Let h = -12 - -13. Calculate the highest common factor of h and 2.
1
Suppose -5*m = 3*w + w - 16, w - m - 13 = 0. Let f be (-8)/(-18) - (-960)/27. Calculate the greatest common divisor of f and w.
9
Suppose -7*i + 4*i = -12. What is the greatest common divisor of 28 and i?
4
Let n = -106 - -194. Let i(x) = -x + 11. Let q be i(0). What is the highest common divisor of q and n?
11
Suppose 0 = i - 0 - 2. Suppose -5*m + 20 = -4*m + w, -56 = -i*m + 2*w. What is the highest common divisor of 48 and m?
24
Suppose -141 = -9*l + 183. Calculate the highest common factor of l and 12.
12
Suppose 0 = -3*h + 6*h. Suppose s - 5*s + 4 = h. Calculate the highest common divisor of 8 and s.
1
Let i = -35 + 53. Let s(m) = -14 + 35 - 14 + 17*m. Let h be s(7). What is the greatest common factor of i and h?
18
Suppose -27 = -k + 10. Calculate the greatest common divisor of k and 111.
37
Let g(m) = m**2 + 7*m - 3. Let z be g(-8). Suppose 2*q + q = -4*h - 113, 0 = -h + 3*q - 17. Let j = -16 - h. Calculate the greatest common divisor of z and j.
5
Let r be 4 - 1 - 144/(-1). Calculate the highest common divisor of 21 and r.
21
Suppose -4*f - 88 = -448. Calculate the highest common factor of 10 and f.
10
Suppose 3*j + 2*s = j - 190, 5*j = -2*s - 484. Let x be 1/(-1) + (1 - j). Suppose 122 + 4 = 9*y. Calculate the highest common divisor of y and x.
14
Let v = 119 + -113. Calculate the greatest common divisor of 10 and v.
2
Suppose -5*h + t + 478 = 0, -51 = -2*h - t + 143. Suppose 28*v + 528 = 72*v. What is the greatest common divisor of v and h?
12
Suppose 0 = 2*h - 28 + 20. What is the greatest common divisor of 1 and h?
1
Let m(s) = 7*s**3 - 3*s**2 - 4*s + 2. Let n be m(3). What is the greatest common factor of 19 and n?
19
Let x = 0 + 2. Let i be x/3 + 4/(-6). Let u(a) = a**3 + 12. Let n be u(i). What is the greatest common factor of n and 12?
12
Let m = 10 - -2. Let k = -21 + 57. What is the highest common factor of k and m?
12
Let s(o) = -4*o + 6. Let v be s(-3). What is the highest common factor of 45 and v?
9
Let l(b) = 3*b**2. Let o be l(-2). Let q be 195/o + 1/(-4). What is the greatest common factor of 24 and q?
8
Let z(w) = w. Let v(m) = 12. Let c(x) = -v(x) - 2*z(x). Let a be c(-10). What is the highest common divisor of a and 16?
8
Suppose -66 + 10 = -x. Suppose 5*m - x = m. Calculate the greatest common divisor of m and 35.
7
Let g be (28/(-4))/((-2)/4). Calculate the highest common divisor of g and 14.
14
Let y = -1 - 0. Let i be (1/1 - -9) + y. Let v = -41 + 44. Calculate the highest common factor of i and v.
3
Let d be (6/4)/((-1)/(-12)). Suppose 3 = 4*a - 13. Suppose -2*w - 129 = -y - a*y, -4*y - 2*w = -114. Calculate the highest common factor of y and d.
9
Let m = -5 - -10. Let w = 6 - -15. Suppose -b + 41 - w = 0. Calculate the greatest common factor of m and b.
5
Suppose -5*f + 1219 - 139 = 0. Suppose c = -2*c + f. Let n be 2/5 + 86/10. Calculate the highest common divisor of n and c.
9
Let s be (-2)/4 + 92/8. Suppose -2*v = -0*u + 2*u - 98, -4*v = -4*u - 156. Calculate the highest common factor of v and s.
11
Suppose -2*o - 39 = 121. Let x = o - -112. Calculate the highest common factor of 16 and x.
16
Suppose -3*n - 2*n + 50 = 0. Let d = n + -8. Calculate the greatest common divisor of d and 6.
2
Let d(b) = b**2 - 4*b - 29. Let v be d(11). Calculate the greatest common divisor of 32 and v.
16
Let f = 33 - 18. Let x = f + 0. Calculate the highest common factor of x and 5.
5
Suppose 65 - 